Let i be -1*-17*(-1 - -2). Suppose -3*q + 202 = 4*w, 3*w - 175 = q - i. What are the prime factors of w?
2, 13
Let h = 29 - 27. Suppose h*u - c = 2*c + 99, 3*u - 149 = 4*c. What are the prime factors of u?
3, 17
Let b = 106 + -105. What are the prime factors of b/(15/114)*35?
2, 7, 19
Let w be 178/(-9) - 6/27. What are the prime factors of (-1376)/(-20) + (-4)/w?
3, 23
Let q(u) = u - 4. Suppose -5*k + 2*k = 2*h - 16, 4*k - 2*h = 12. Let j be q(k). Suppose j = -2*x + 5*s + 13, -4*x + 34 = -2*s - 0. List the prime factors of x.
3
Let o = 4259 + -724. List the prime factors of o.
5, 7, 101
Suppose -12 - 13 = -5*j. Suppose -3*t + 0*f = -j*f - 63, -t - 3*f = -35. Suppose -2*y = x + 1 - 11, -3*y + 4*x = -t. What are the prime factors of y?
2, 3
Let x = -286 + 344. List the prime factors of x.
2, 29
Suppose -u + 134 = 5*p - 24, 4*p = 3*u + 134. Let j = p - -41. List the prime factors of j.
73
Suppose 4*p + 2*c + 41 = 11, -2*c + 30 = -2*p. Let u be (-1032)/30 + 6/p. What are the prime factors of 2/7 - 760/u?
2, 11
List the prime factors of (-18614)/(-10) - (56/(-20))/(-7).
1861
Let x(p) = p**3 + 27*p**2 + 71*p + 6. List the prime factors of x(-19).
3, 5, 103
Suppose -161 - 7 = -3*k. List the prime factors of k.
2, 7
Let h(u) = -u**2 + 2. Let i be h(-4). Let w = i - -14. Suppose 3*j = -w*j + 57. List the prime factors of j.
19
Let d(s) = s**2 + 1. Let j be d(1). Let i be (-348)/(-3) + (-1 - j). Let p = i - 74. List the prime factors of p.
3, 13
Suppose 2*h + 2*s + 141 = -h, 0 = 2*h - s + 94. Let o = -20 - h. What are the prime factors of o?
3
Suppose -645 = -10*v + 2245. List the prime factors of v.
17
Suppose -3*l = -3*s + 234, -s - 4*l + 24 + 49 = 0. List the prime factors of s.
7, 11
Let g(h) = 213*h**2 + 5*h + 6. Let w be 2/(8/4 - 4*1). List the prime factors of g(w).
2, 107
Suppose -4*j + 272 = q - 295, 0 = 4*q - j - 2217. List the prime factors of q.
3, 5, 37
Suppose -3*v = -4*o - 4715, 0 = -2*v + 2*o - 0*o + 3146. What are the prime factors of v?
19, 83
Suppose 4*h = -5*o + 6, 4 = -3*h + 1. Suppose -o*z = -6*z + 216. Let l = z - 24. List the prime factors of l.
2, 3, 5
Suppose 0 = 3*d - 2*d + 9. Let m = d + 54. What are the prime factors of m?
3, 5
Let d = 38 + 357. What are the prime factors of d?
5, 79
Suppose -3*y - 4*j = -5341, y + 2*j - 1773 = -3*j. List the prime factors of y.
1783
Let r = 266 + -207. List the prime factors of r.
59
Let f(m) = 1. Let n(s) = 3*s - 7. Let i(v) = -2*f(v) - n(v). List the prime factors of i(-3).
2, 7
Let z(i) = 11*i + 640. List the prime factors of z(-46).
2, 67
Let r = -7 + 13. Suppose -241 = -r*k - 43. What are the prime factors of k?
3, 11
Let w(n) = -n**2 - 21*n + 13. Suppose 6*m = 7*m + 9. List the prime factors of w(m).
11
Let j be (-5)/((-5)/58) - -3. Suppose -l - 2*s + 168 - j = 0, 5*l - 4*s - 563 = 0. List the prime factors of l.
3, 37
Suppose k - 12 = -2*k. Suppose 281 + 27 = k*g. List the prime factors of g.
7, 11
Let p = 18 - 18. Suppose p = -4*j - 33 + 121. Suppose 0 = -2*n + n + j. What are the prime factors of n?
2, 11
Let v = 146 - -101. What are the prime factors of v?
13, 19
Let d = 1757 - 1241. List the prime factors of d.
2, 3, 43
Suppose -15*b + 200 = -7*b. List the prime factors of (b + 2)*(-84)/(-18).
2, 3, 7
Suppose 13 = -4*n - c + 144, n + 4*c - 14 = 0. Let f = -28 + n. What are the prime factors of f?
2, 3
Suppose g + 2*c - 103 = c, 0 = -g + 2*c + 118. What are the prime factors of g?
2, 3
Suppose 196 = 3*h - 74. Let l = 114 - h. What are the prime factors of l?
2, 3
Suppose 17*w = 11*w + 3222. What are the prime factors of w?
3, 179
Suppose 3*g - 5*j = 1141, 3*j + 12 = -3. List the prime factors of g.
2, 3, 31
Suppose 246 = 4*t - t. Suppose -5*l - 5*r = -245, 0 = 3*l - 2*r - 80 - t. Let s = -24 + l. List the prime factors of s.
2, 7
Let r(g) = 131*g**2 - 42*g - 6. What are the prime factors of r(-5)?
7, 71
Let u(b) = 1. Let a(n) = 8*n + 10. Let v(m) = -a(m) + u(m). Let i(g) = -g - 19. Let o be i(-14). List the prime factors of v(o).
31
Suppose -3*q + 2*q = -5*d - 111, 4*d = -4*q + 348. What are the prime factors of q?
7, 13
Let d(i) be the second derivative of -39*i**5/10 - i**3/3 - i**2/2 - 16*i. What are the prime factors of d(-1)?
79
Suppose x = -1 + 5. Let f(y) = y + 8. Let r be f(-4). Let d = r + x. List the prime factors of d.
2
Suppose -2*d + 5*y = 2*y - 85, -d + 4*y = -55. Let t = 101 - d. What are the prime factors of t?
2, 3, 11
Let n = 309 + -228. List the prime factors of n.
3
Suppose 10*a - 8612 = 4328. What are the prime factors of a?
2, 647
Let x(m) = 1757*m - 587. List the prime factors of x(3).
2, 1171
Let n(h) = 3*h**2 - 3*h + 2. Let o be n(2). Suppose -r + o*r - 1407 = 0. What are the prime factors of r?
3, 67
Let y(m) = m**2 - 12*m + 5. Let l be y(12). Suppose -u - 3*u - 36 = -l*j, -2*u + 18 = 2*j. What are the prime factors of j?
2
Let u(j) be the first derivative of -j**4/4 - 4*j**3 + 2*j**2 - 6*j - 4. List the prime factors of u(-13).
3, 37
Suppose n + 61 = -3*a + 26, -a = -2*n. Let r be (2/5)/(1/a). What are the prime factors of 49 - -4*1/r?
2, 3
Suppose 0 = -0*n + 4*n + s + 16, s + 19 = -5*n. Let o = 2 - n. Suppose o*w - j = 270, 5*w + j - 59 = 201. What are the prime factors of w?
53
Suppose 18*m = 15*m + 1638. List the prime factors of ((-6)/(-18))/(2/m).
7, 13
Let t(h) = 2*h**3 - 16*h**2 + 31*h + 12. What are the prime factors of t(5)?
17
Let j = 32 + 55. Suppose 2*b + 25 - j = 0. Suppose b = -5*z + 156. List the prime factors of z.
5
Let q(a) = 21*a**3 - 4*a**2 - 3*a - 4. List the prime factors of q(4).
2, 79
Let b be 6/2 + -4 - 117. Let x = 269 + b. What are the prime factors of x?
151
Suppose 3*q - 14 = 1. Suppose w - q = -0*w. Suppose -2*r - 123 = -w*r. List the prime factors of r.
41
Let c = 2889 - 2041. List the prime factors of c.
2, 53
Suppose -s - 56 = 2*s - 5*f, 21 = -s + 4*f. Let b = s + 182. List the prime factors of b.
3, 5, 11
Let n(r) = -47*r**3 - 1. Let s be n(1). Let z be 38*1/2*(-65 - -69). Let i = z + s. List the prime factors of i.
2, 7
Let w be (-3 + -1)*1/(-2). Let j(q) = -2*q**2 + 4*q + 4 - 3*q**3 - 8*q + 7*q**2 + w*q**3. What are the prime factors of j(3)?
2, 5
Let z(k) = -2*k - k**3 + 0*k**3 - 2*k + 5*k + k**2 + 18. Let r be z(0). Let m = r + 0. What are the prime factors of m?
2, 3
Let t(q) = -q. Let b be ((-4)/(-10))/((-3)/30). Let c be t(b). What are the prime factors of (-14 + -2)*-1*c?
2
Suppose -4*h - 4052 = -d - 17005, h = -5*d + 3212. List the prime factors of h.
3, 13, 83
Let s be -4 + 0 + -1 + 0. What are the prime factors of (-1)/s - (-1356)/20?
2, 17
Let r(p) be the first derivative of 5*p**3/3 - p**2 + 2*p + 6. Suppose 4*y - 7 - 1 = 0. List the prime factors of r(y).
2, 3
List the prime factors of (0 + 3/2)/(69/11868).
2, 3, 43
Let t = 54 - 50. What are the prime factors of 16/3*t/(48/27)?
2, 3
Suppose -a - 1 + 5 = 0. Suppose 4*j = 4, -3*t + a*t + j + 11 = 0. Let m = t - -39. List the prime factors of m.
3
Suppose 15*v - 2*w + 2028 = 17*v, -5*v - 4*w = -5071. List the prime factors of v.
5, 7, 29
Let h(b) = 43*b**2 - 27*b - 17. What are the prime factors of h(-5)?
1193
Let y(x) = -4*x**2 - 5. Let d be y(5). Let t = 164 + d. Suppose 0*o + t = 2*h - 5*o, 3*o + 93 = 3*h. What are the prime factors of h?
2
Let m be 1/((-55)/(-7965)) + (-4)/(-22). Suppose 139 + m = 4*g. List the prime factors of g.
71
Let i = 115 + -79. Let f be 1884/i - (-4)/(-3). What are the prime factors of ((-2)/(-6) - 0)*f?
17
Suppose -2*r - 1 + 19 = -2*l, 0 = -r + 3*l + 17. Suppose -x + 12 = n - 19, n + r*x = 27. List the prime factors of n.
2
Let g = -1 - 1. Let m be (g/4)/(-1)*-2. What are the prime factors of 22 - (m - -2)*-2?
2, 3
Suppose -p + 2512 = -3*d, 287*p + 5*d - 7606 = 284*p. What are the prime factors of p?
7, 19
Let i = 1 - -18. Suppose -316 = -5*t + i. What are the prime factors of t?
67
Let b be 4/(-6) + (-32)/(-12). Suppose b*f = -4*c + 3*c + 92, 2*c = -f + 190. What are the prime factors of c?
2, 3
Let t = 3 + -3. Suppose 2 + t = -2*z. Let k = 20 + z. List the prime factors of k.
19
Let c(p) = -16*p - 21. Let l be c(-3). Suppose l*x = 24*x + 60. List the prime factors of x.
2, 5
Let y be ((-18)/15)/(2/10). Let p be y/9 - (-136)/6. What are the prime factors of 128/22 + 4/p?
2, 3
Let w(g) be the second derivative of -g**3/3 + 9*